{"id":1589,"date":"2026-01-21T09:44:26","date_gmt":"2026-01-21T07:44:26","guid":{"rendered":"https:\/\/casino-site-amp5.top\/?page_id=1589"},"modified":"2026-03-18T14:30:35","modified_gmt":"2026-03-18T12:30:35","slug":"home-new","status":"publish","type":"page","link":"https:\/\/casino-site-amp5.top\/","title":{"rendered":"Home-AZ"},"content":{"rendered":"","protected":false},"excerpt":{"rendered":"","protected":false},"author":1,"featured_media":0,"parent":0,"menu_order":0,"comment_status":"closed","ping_status":"closed","template":"home-new.php","meta":{"_acf_changed":false,"footnotes":""},"class_list":["post-1589","page","type-page","status-publish","hentry"],"acf":[],"yoast_head":"<!-- This site is optimized with the Yoast SEO plugin v27.3 - https:\/\/yoast.com\/product\/yoast-seo-wordpress\/ -->\n<title>1xBet Az\u0259rbaycan \ud83c\udf96\ufe0f 2026 Bonuslar\u0131 v\u0259 \u018fn Yax\u015f\u0131 M\u0259rc Se\u00e7iml\u0259ri<\/title>\n<meta name=\"description\" content=\"1xBet - Az\u0259rbaycan \u00fc\u00e7\u00fcn r\u0259smi platforma. Bonuslar, idman m\u0259rcl\u0259ri v\u0259 \u0259sas m\u0259rc se\u00e7iml\u0259ri haqq\u0131nda m\u0259lumat 2026 il \u00fc\u00e7\u00fcn\" \/>\n<meta name=\"robots\" content=\"index, follow, max-snippet:-1, max-image-preview:large, max-video-preview:-1\" \/>\n<link rel=\"canonical\" href=\"https:\/\/1xkazino.casino-site-amp5.top\/\" \/>\n<meta property=\"og:locale\" content=\"ru_RU\" \/>\n<meta property=\"og:type\" content=\"article\" \/>\n<meta property=\"og:title\" content=\"1xBet Az\u0259rbaycan \ud83c\udf96\ufe0f 2026 Bonuslar\u0131 v\u0259 \u018fn Yax\u015f\u0131 M\u0259rc Se\u00e7iml\u0259ri\" \/>\n<meta property=\"og:description\" content=\"1xBet - Az\u0259rbaycan \u00fc\u00e7\u00fcn r\u0259smi platforma. Bonuslar, idman m\u0259rcl\u0259ri v\u0259 \u0259sas m\u0259rc se\u00e7iml\u0259ri haqq\u0131nda m\u0259lumat 2026 il \u00fc\u00e7\u00fcn\" \/>\n<meta property=\"og:url\" content=\"https:\/\/1xkazino.casino-site-amp5.top\/\" \/>\n<meta property=\"og:site_name\" content=\"casino-site-amp5.top\" \/>\n<meta property=\"article:modified_time\" content=\"2026-03-18T12:30:35+00:00\" \/>\n<script type=\"application\/ld+json\" class=\"yoast-schema-graph\">{\"@context\":\"https:\\\/\\\/schema.org\",\"@graph\":[{\"@type\":\"WebPage\",\"@id\":\"https:\\\/\\\/casino-site-amp5.top\\\/\",\"url\":\"https:\\\/\\\/1xkazino.casino-site-amp5.top\\\/\",\"name\":\"1xBet Az\u0259rbaycan \ud83c\udf96\ufe0f 2026 Bonuslar\u0131 v\u0259 \u018fn Yax\u015f\u0131 M\u0259rc Se\u00e7iml\u0259ri\",\"isPartOf\":{\"@id\":\"https:\\\/\\\/casino-site-amp5.top\\\/#website\"},\"datePublished\":\"2026-01-21T07:44:26+00:00\",\"dateModified\":\"2026-03-18T12:30:35+00:00\",\"description\":\"1xBet - Az\u0259rbaycan \u00fc\u00e7\u00fcn r\u0259smi platforma. Bonuslar, idman m\u0259rcl\u0259ri v\u0259 \u0259sas m\u0259rc se\u00e7iml\u0259ri haqq\u0131nda m\u0259lumat 2026 il \u00fc\u00e7\u00fcn\",\"breadcrumb\":{\"@id\":\"https:\\\/\\\/1xkazino.casino-site-amp5.top\\\/#breadcrumb\"},\"inLanguage\":\"ru-RU\",\"potentialAction\":[{\"@type\":\"ReadAction\",\"target\":[\"https:\\\/\\\/1xkazino.casino-site-amp5.top\\\/\"]}]},{\"@type\":\"BreadcrumbList\",\"@id\":\"https:\\\/\\\/1xkazino.casino-site-amp5.top\\\/#breadcrumb\",\"itemListElement\":[{\"@type\":\"ListItem\",\"position\":1,\"name\":\"Home\",\"item\":\"https:\\\/\\\/casino-site-amp5.top\\\/\"},{\"@type\":\"ListItem\",\"position\":2,\"name\":\"Home-AZ\"}]},{\"@type\":\"WebSite\",\"@id\":\"https:\\\/\\\/casino-site-amp5.top\\\/#website\",\"url\":\"https:\\\/\\\/casino-site-amp5.top\\\/\",\"name\":\"casino-site-amp5.top\",\"description\":\"\",\"potentialAction\":[{\"@type\":\"SearchAction\",\"target\":{\"@type\":\"EntryPoint\",\"urlTemplate\":\"https:\\\/\\\/casino-site-amp5.top\\\/?s={search_term_string}\"},\"query-input\":{\"@type\":\"PropertyValueSpecification\",\"valueRequired\":true,\"valueName\":\"search_term_string\"}}],\"inLanguage\":\"ru-RU\"}]}<\/script>\n<!-- \/ Yoast SEO plugin. -->","yoast_head_json":{"title":"1xBet Az\u0259rbaycan \ud83c\udf96\ufe0f 2026 Bonuslar\u0131 v\u0259 \u018fn Yax\u015f\u0131 M\u0259rc Se\u00e7iml\u0259ri","description":"1xBet - Az\u0259rbaycan \u00fc\u00e7\u00fcn r\u0259smi platforma. Bonuslar, idman m\u0259rcl\u0259ri v\u0259 \u0259sas m\u0259rc se\u00e7iml\u0259ri haqq\u0131nda m\u0259lumat 2026 il \u00fc\u00e7\u00fcn","robots":{"index":"index","follow":"follow","max-snippet":"max-snippet:-1","max-image-preview":"max-image-preview:large","max-video-preview":"max-video-preview:-1"},"canonical":"https:\/\/1xkazino.casino-site-amp5.top\/","og_locale":"ru_RU","og_type":"article","og_title":"1xBet Az\u0259rbaycan \ud83c\udf96\ufe0f 2026 Bonuslar\u0131 v\u0259 \u018fn Yax\u015f\u0131 M\u0259rc Se\u00e7iml\u0259ri","og_description":"1xBet - Az\u0259rbaycan \u00fc\u00e7\u00fcn r\u0259smi platforma. Bonuslar, idman m\u0259rcl\u0259ri v\u0259 \u0259sas m\u0259rc se\u00e7iml\u0259ri haqq\u0131nda m\u0259lumat 2026 il \u00fc\u00e7\u00fcn","og_url":"https:\/\/1xkazino.casino-site-amp5.top\/","og_site_name":"casino-site-amp5.top","article_modified_time":"2026-03-18T12:30:35+00:00","schema":{"@context":"https:\/\/schema.org","@graph":[{"@type":"WebPage","@id":"https:\/\/casino-site-amp5.top\/","url":"https:\/\/1xkazino.casino-site-amp5.top\/","name":"1xBet Az\u0259rbaycan \ud83c\udf96\ufe0f 2026 Bonuslar\u0131 v\u0259 \u018fn Yax\u015f\u0131 M\u0259rc Se\u00e7iml\u0259ri","isPartOf":{"@id":"https:\/\/casino-site-amp5.top\/#website"},"datePublished":"2026-01-21T07:44:26+00:00","dateModified":"2026-03-18T12:30:35+00:00","description":"1xBet - Az\u0259rbaycan \u00fc\u00e7\u00fcn r\u0259smi platforma. Bonuslar, idman m\u0259rcl\u0259ri v\u0259 \u0259sas m\u0259rc se\u00e7iml\u0259ri haqq\u0131nda m\u0259lumat 2026 il \u00fc\u00e7\u00fcn","breadcrumb":{"@id":"https:\/\/1xkazino.casino-site-amp5.top\/#breadcrumb"},"inLanguage":"ru-RU","potentialAction":[{"@type":"ReadAction","target":["https:\/\/1xkazino.casino-site-amp5.top\/"]}]},{"@type":"BreadcrumbList","@id":"https:\/\/1xkazino.casino-site-amp5.top\/#breadcrumb","itemListElement":[{"@type":"ListItem","position":1,"name":"Home","item":"https:\/\/casino-site-amp5.top\/"},{"@type":"ListItem","position":2,"name":"Home-AZ"}]},{"@type":"WebSite","@id":"https:\/\/casino-site-amp5.top\/#website","url":"https:\/\/casino-site-amp5.top\/","name":"casino-site-amp5.top","description":"","potentialAction":[{"@type":"SearchAction","target":{"@type":"EntryPoint","urlTemplate":"https:\/\/casino-site-amp5.top\/?s={search_term_string}"},"query-input":{"@type":"PropertyValueSpecification","valueRequired":true,"valueName":"search_term_string"}}],"inLanguage":"ru-RU"}]}},"amp_enabled":true,"_links":{"self":[{"href":"https:\/\/casino-site-amp5.top\/wp-json\/wp\/v2\/pages\/1589","targetHints":{"allow":["GET"]}}],"collection":[{"href":"https:\/\/casino-site-amp5.top\/wp-json\/wp\/v2\/pages"}],"about":[{"href":"https:\/\/casino-site-amp5.top\/wp-json\/wp\/v2\/types\/page"}],"author":[{"embeddable":true,"href":"https:\/\/casino-site-amp5.top\/wp-json\/wp\/v2\/users\/1"}],"replies":[{"embeddable":true,"href":"https:\/\/casino-site-amp5.top\/wp-json\/wp\/v2\/comments?post=1589"}],"version-history":[{"count":62,"href":"https:\/\/casino-site-amp5.top\/wp-json\/wp\/v2\/pages\/1589\/revisions"}],"predecessor-version":[{"id":2585,"href":"https:\/\/casino-site-amp5.top\/wp-json\/wp\/v2\/pages\/1589\/revisions\/2585"}],"wp:attachment":[{"href":"https:\/\/casino-site-amp5.top\/wp-json\/wp\/v2\/media?parent=1589"}],"curies":[{"name":"wp","href":"https:\/\/api.w.org\/{rel}","templated":true}]}}