{"id":2544,"date":"2026-01-21T13:59:24","date_gmt":"2026-01-21T11:59:24","guid":{"rendered":"https:\/\/casino-site-amp5.top\/?page_id=2544"},"modified":"2026-01-23T17:57:28","modified_gmt":"2026-01-23T15:57:28","slug":"mesuliyyetli-oyun","status":"publish","type":"page","link":"https:\/\/casino-site-amp5.top\/mesuliyyetli-oyun\/","title":{"rendered":"M\u0259suliyy\u0259tli Oyun"},"content":{"rendered":"<h1>M\u0259suliyy\u0259tli Oyunlar: T\u0259hl\u00fck\u0259sizliy\u0259 Yana\u015fmam\u0131z<\/h1>\n<h2>T\u0259hl\u00fck\u0259sizlik F\u0259ls\u0259f\u0259si<\/h2>\n<p>1xBet-d\u0259 m\u00fc\u015ft\u0259ri xidm\u0259tl\u0259ri bizim \u0259sas prioritetimizdir. Biz m\u0259suliyy\u0259tli oyun siyas\u0259tini d\u0259st\u0259kl\u0259yirik v\u0259 qumar oyunlar\u0131n\u0131n m\u0259nfi t\u0259sirini minimuma endirm\u0259y\u0259 \u00e7al\u0131\u015f\u0131r\u0131q. Biz inan\u0131r\u0131q ki, m\u0259rc oyunlar\u0131 bir n\u00f6v istirah\u0259t, adrenalin v\u0259 h\u0259y\u0259can m\u0259nb\u0259yidir, lakin he\u00e7 vaxt dolan\u0131\u015f\u0131q qazanmaq v\u0259 ya maliyy\u0259 probleml\u0259rini h\u0259ll etm\u0259k \u00fc\u00e7\u00fcn bir yol deyil.<\/p>\n<p>M\u00fc\u015ft\u0259ril\u0259rimizin t\u0259hl\u00fck\u0259siz qalaraq prosesd\u0259n z\u00f6vq almalar\u0131n\u0131 ist\u0259yirik.<\/p>\n<h2>Qumar Oyunlar\u0131 Haqq\u0131nda Mifl\u0259r v\u0259 Reall\u0131q<\/h2>\n<p>M\u0259suliyy\u0259tl\u0259 oynamaq \u00fc\u00e7\u00fcn ill\u00fcziyalardan qurtulmaq vacibdir:<\/p>\n<ul>\n<li><i>Mif:<\/i> &#171;Uzun m\u00fcdd\u0259t uduzsam, tezlikl\u0259 m\u00fctl\u0259q qalib g\u0259l\u0259c\u0259y\u0259m.&#187;<\/li>\n<li><i>Reall\u0131q:<\/i> H\u0259r m\u0259rcin v\u0259 ya f\u0131rlanman\u0131n n\u0259tic\u0259si t\u0259sad\u00fcfi olur v\u0259 \u0259vv\u0259lki n\u0259tic\u0259l\u0259rd\u0259n as\u0131l\u0131 deyil.<\/li>\n<li><i>Mif:<\/i> &#171;Q\u0259l\u0259b\u0259ni t\u0259min ed\u0259n bir sistem haz\u0131rlaya bil\u0259r\u0259m.&#187;<\/li>\n<li><i>Reall\u0131q:<\/i> Qumar oyunlar\u0131n\u0131n operator \u00fc\u00e7\u00fcn h\u0259mi\u015f\u0259 riyazi \u00fcst\u00fcnl\u00fcy\u00fc var. Z\u0259man\u0259tli strategiyalar yoxdur.<\/li>\n<\/ul>\n<h2>\u00d6z\u00fcn\u00fcidar\u0259etm\u0259 vasit\u0259l\u0259ri<\/h2>\n<p>\u0130stifad\u0259\u00e7il\u0259r\u0259 oyun f\u0259aliyy\u0259tl\u0259rini idar\u0259 etm\u0259k \u00fc\u00e7\u00fcn al\u0259tl\u0259r t\u0259qdim edirik:<\/p>\n<ol>\n<li>Hesab tarix\u00e7\u0259si. X\u0259rcl\u0259rinizi d\u0259qiq qiym\u0259tl\u0259ndirm\u0259k \u00fc\u00e7\u00fcn h\u0259mi\u015f\u0259 depozit v\u0259 m\u0259rc tarix\u00e7\u0259nizi n\u0259z\u0259rd\u0259n ke\u00e7ir\u0259 bil\u0259rsiniz.<\/li>\n<li>\u00d6z\u00fcn\u00fcm\u0259hdudla\u015fd\u0131rma. \u018fg\u0259r \u00e7ox vaxt v\u0259 ya pul x\u0259rcl\u0259diyinizi d\u00fc\u015f\u00fcn\u00fcrs\u00fcn\u00fczs\u0259, hesab\u0131n\u0131za giri\u015fi 1 h\u0259ft\u0259d\u0259n 1 il\u0259 q\u0259d\u0259r m\u00fcdd\u0259t\u0259 m\u0259hdudla\u015fd\u0131rmaq \u00fc\u00e7\u00fcn D\u0259st\u0259k xidm\u0259tin\u0259 m\u00fcraci\u0259t ed\u0259 bil\u0259rsiniz.<\/li>\n<li>Hesab\u0131n ba\u011flanmas\u0131. Hesab\u0131n\u0131z\u0131 b\u0259rpa etm\u0259k imkan\u0131 olmadan bird\u0259f\u0259lik ba\u011flamaq h\u00fcququnuz var.<\/li>\n<\/ol>\n<h2>Problemli davran\u0131\u015f \u0259lam\u0259tl\u0259ri<\/h2>\n<p>Z\u0259hm\u0259t olmasa, \u00f6z\u00fcn\u00fcz\u0259 qar\u015f\u0131 d\u00fcr\u00fcst olun. A\u015fa\u011f\u0131dak\u0131 simptomlar\u0131 hiss ets\u0259niz, dayand\u0131rmal\u0131s\u0131n\u0131z:<\/p>\n<ul>\n<li>Vacib al\u0131\u015f-veri\u015fl\u0259r (yem\u0259k, kiray\u0259 haqq\u0131) \u00fc\u00e7\u00fcn ayr\u0131lm\u0131\u015f pulla oynay\u0131rs\u0131n\u0131z.<\/li>\n<li>Saytda ke\u00e7irdiyiniz vaxt bar\u0259d\u0259 yax\u0131nlar\u0131n\u0131za yalan dan\u0131\u015f\u0131rs\u0131n\u0131z.<\/li>\n<li>M\u0259rc oyunlar\u0131na g\u00f6r\u0259 hobbil\u0259r\u0259 v\u0259 i\u015f\u0259 mara\u011f\u0131n\u0131 itirirs\u0259n.<\/li>\n<li>Oynad\u0131qdan sonra \u00f6z\u00fcn\u00fcz\u00fc depressiya v\u0259 ya narahatl\u0131q hiss edirsiniz.<\/li>\n<\/ul>\n<h2>M\u00fct\u0259x\u0259ssisl\u0259rd\u0259n k\u00f6m\u0259k<\/h2>\n<p>Problemi \u00f6z\u00fcn\u00fcz h\u0259ll ed\u0259 bilmirsinizs\u0259, anonim yard\u0131m g\u00f6st\u0259r\u0259n ixtisasla\u015fm\u0131\u015f t\u0259\u015fkilatlarla \u0259laq\u0259 saxlama\u011f\u0131 t\u00f6vsiy\u0259 edirik:<\/p>\n<ul>\n<li>Anonim Qumarbazlar<\/li>\n<li>GamCare<\/li>\n<li>Qumar Terapiyas\u0131<\/li>\n<\/ul>\n<h2>Yetkinlik ya\u015f\u0131na \u00e7atmayanlar il\u0259 ba\u011fl\u0131 siyas\u0259t<\/h2>\n<p>18 ya\u015fdan ki\u00e7ik \u015f\u0259xsl\u0259r \u00fc\u00e7\u00fcn qumar oyunlar\u0131 q\u0259ti qada\u011fand\u0131r. 1xBet u\u015faqlar\u0131n platformaya daxil olmas\u0131n\u0131n qar\u015f\u0131s\u0131n\u0131 almaq \u00fc\u00e7\u00fcn \u015f\u0259xsiyy\u0259t t\u0259sdiql\u0259m\u0259sini h\u0259yata ke\u00e7irir. Valideynl\u0259r\u0259 u\u015faqlar\u0131n istifad\u0259 etdiyi cihazlarda qumar saytlar\u0131na giri\u015fi bloklamaq \u00fc\u00e7\u00fcn Net Nanny, CyberPatrol v\u0259 ya Kaspersky Safe Kids kimi valideyn n\u0259zar\u0259ti proqramlar\u0131n\u0131 qura\u015fd\u0131rma\u011f\u0131 t\u00f6vsiy\u0259 edirik.<\/p>\n","protected":false},"excerpt":{"rendered":"<p>M\u0259suliyy\u0259tli Oyunlar: T\u0259hl\u00fck\u0259sizliy\u0259 Yana\u015fmam\u0131z T\u0259hl\u00fck\u0259sizlik F\u0259ls\u0259f\u0259si 1xBet-d\u0259 m\u00fc\u015ft\u0259ri xidm\u0259tl\u0259ri bizim \u0259sas prioritetimizdir. Biz m\u0259suliyy\u0259tli oyun siyas\u0259tini d\u0259st\u0259kl\u0259yirik v\u0259 qumar oyunlar\u0131n\u0131n m\u0259nfi t\u0259sirini minimuma endirm\u0259y\u0259 \u00e7al\u0131\u015f\u0131r\u0131q. Biz inan\u0131r\u0131q ki, m\u0259rc oyunlar\u0131 bir n\u00f6v istirah\u0259t, adrenalin v\u0259 h\u0259y\u0259can m\u0259nb\u0259yidir, lakin he\u00e7 vaxt dolan\u0131\u015f\u0131q qazanmaq v\u0259 ya maliyy\u0259 probleml\u0259rini h\u0259ll etm\u0259k \u00fc\u00e7\u00fcn bir yol deyil. M\u00fc\u015ft\u0259ril\u0259rimizin t\u0259hl\u00fck\u0259siz qalaraq [&hellip;]<\/p>\n","protected":false},"author":1,"featured_media":0,"parent":0,"menu_order":0,"comment_status":"closed","ping_status":"closed","template":"","meta":{"_acf_changed":false,"footnotes":""},"class_list":["post-2544","page","type-page","status-publish","hentry"],"acf":[],"yoast_head":"<!-- This site is optimized with the Yoast SEO plugin v27.3 - https:\/\/yoast.com\/product\/yoast-seo-wordpress\/ -->\n<title>M\u0259suliyy\u0259tli Oyun l 1xbet<\/title>\n<meta name=\"robots\" content=\"index, follow, max-snippet:-1, max-image-preview:large, max-video-preview:-1\" \/>\n<link rel=\"canonical\" href=\"https:\/\/casino-site-amp5.top\/mesuliyyetli-oyun\/\" \/>\n<meta property=\"og:locale\" content=\"ru_RU\" \/>\n<meta property=\"og:type\" content=\"article\" \/>\n<meta property=\"og:title\" content=\"M\u0259suliyy\u0259tli Oyun l 1xbet\" \/>\n<meta property=\"og:description\" content=\"M\u0259suliyy\u0259tli Oyunlar: T\u0259hl\u00fck\u0259sizliy\u0259 Yana\u015fmam\u0131z T\u0259hl\u00fck\u0259sizlik F\u0259ls\u0259f\u0259si 1xBet-d\u0259 m\u00fc\u015ft\u0259ri xidm\u0259tl\u0259ri bizim \u0259sas prioritetimizdir. Biz m\u0259suliyy\u0259tli oyun siyas\u0259tini d\u0259st\u0259kl\u0259yirik v\u0259 qumar oyunlar\u0131n\u0131n m\u0259nfi t\u0259sirini minimuma endirm\u0259y\u0259 \u00e7al\u0131\u015f\u0131r\u0131q. Biz inan\u0131r\u0131q ki, m\u0259rc oyunlar\u0131 bir n\u00f6v istirah\u0259t, adrenalin v\u0259 h\u0259y\u0259can m\u0259nb\u0259yidir, lakin he\u00e7 vaxt dolan\u0131\u015f\u0131q qazanmaq v\u0259 ya maliyy\u0259 probleml\u0259rini h\u0259ll etm\u0259k \u00fc\u00e7\u00fcn bir yol deyil. M\u00fc\u015ft\u0259ril\u0259rimizin t\u0259hl\u00fck\u0259siz qalaraq [&hellip;]\" \/>\n<meta property=\"og:url\" content=\"https:\/\/casino-site-amp5.top\/mesuliyyetli-oyun\/\" \/>\n<meta property=\"og:site_name\" content=\"casino-site-amp5.top\" \/>\n<meta property=\"article:modified_time\" content=\"2026-01-23T15:57:28+00:00\" \/>\n<script type=\"application\/ld+json\" class=\"yoast-schema-graph\">{\"@context\":\"https:\\\/\\\/schema.org\",\"@graph\":[{\"@type\":\"WebPage\",\"@id\":\"https:\\\/\\\/casino-site-amp5.top\\\/mesuliyyetli-oyun\\\/\",\"url\":\"https:\\\/\\\/casino-site-amp5.top\\\/mesuliyyetli-oyun\\\/\",\"name\":\"M\u0259suliyy\u0259tli Oyun l 1xbet\",\"isPartOf\":{\"@id\":\"https:\\\/\\\/casino-site-amp5.top\\\/#website\"},\"datePublished\":\"2026-01-21T11:59:24+00:00\",\"dateModified\":\"2026-01-23T15:57:28+00:00\",\"breadcrumb\":{\"@id\":\"https:\\\/\\\/casino-site-amp5.top\\\/mesuliyyetli-oyun\\\/#breadcrumb\"},\"inLanguage\":\"ru-RU\",\"potentialAction\":[{\"@type\":\"ReadAction\",\"target\":[\"https:\\\/\\\/casino-site-amp5.top\\\/mesuliyyetli-oyun\\\/\"]}]},{\"@type\":\"BreadcrumbList\",\"@id\":\"https:\\\/\\\/casino-site-amp5.top\\\/mesuliyyetli-oyun\\\/#breadcrumb\",\"itemListElement\":[{\"@type\":\"ListItem\",\"position\":1,\"name\":\"Home\",\"item\":\"https:\\\/\\\/casino-site-amp5.top\\\/\"},{\"@type\":\"ListItem\",\"position\":2,\"name\":\"M\u0259suliyy\u0259tli Oyun\"}]},{\"@type\":\"WebSite\",\"@id\":\"https:\\\/\\\/casino-site-amp5.top\\\/#website\",\"url\":\"https:\\\/\\\/casino-site-amp5.top\\\/\",\"name\":\"casino-site-amp5.top\",\"description\":\"\",\"potentialAction\":[{\"@type\":\"SearchAction\",\"target\":{\"@type\":\"EntryPoint\",\"urlTemplate\":\"https:\\\/\\\/casino-site-amp5.top\\\/?s={search_term_string}\"},\"query-input\":{\"@type\":\"PropertyValueSpecification\",\"valueRequired\":true,\"valueName\":\"search_term_string\"}}],\"inLanguage\":\"ru-RU\"}]}<\/script>\n<!-- \/ Yoast SEO plugin. -->","yoast_head_json":{"title":"M\u0259suliyy\u0259tli Oyun l 1xbet","robots":{"index":"index","follow":"follow","max-snippet":"max-snippet:-1","max-image-preview":"max-image-preview:large","max-video-preview":"max-video-preview:-1"},"canonical":"https:\/\/casino-site-amp5.top\/mesuliyyetli-oyun\/","og_locale":"ru_RU","og_type":"article","og_title":"M\u0259suliyy\u0259tli Oyun l 1xbet","og_description":"M\u0259suliyy\u0259tli Oyunlar: T\u0259hl\u00fck\u0259sizliy\u0259 Yana\u015fmam\u0131z T\u0259hl\u00fck\u0259sizlik F\u0259ls\u0259f\u0259si 1xBet-d\u0259 m\u00fc\u015ft\u0259ri xidm\u0259tl\u0259ri bizim \u0259sas prioritetimizdir. Biz m\u0259suliyy\u0259tli oyun siyas\u0259tini d\u0259st\u0259kl\u0259yirik v\u0259 qumar oyunlar\u0131n\u0131n m\u0259nfi t\u0259sirini minimuma endirm\u0259y\u0259 \u00e7al\u0131\u015f\u0131r\u0131q. Biz inan\u0131r\u0131q ki, m\u0259rc oyunlar\u0131 bir n\u00f6v istirah\u0259t, adrenalin v\u0259 h\u0259y\u0259can m\u0259nb\u0259yidir, lakin he\u00e7 vaxt dolan\u0131\u015f\u0131q qazanmaq v\u0259 ya maliyy\u0259 probleml\u0259rini h\u0259ll etm\u0259k \u00fc\u00e7\u00fcn bir yol deyil. M\u00fc\u015ft\u0259ril\u0259rimizin t\u0259hl\u00fck\u0259siz qalaraq [&hellip;]","og_url":"https:\/\/casino-site-amp5.top\/mesuliyyetli-oyun\/","og_site_name":"casino-site-amp5.top","article_modified_time":"2026-01-23T15:57:28+00:00","schema":{"@context":"https:\/\/schema.org","@graph":[{"@type":"WebPage","@id":"https:\/\/casino-site-amp5.top\/mesuliyyetli-oyun\/","url":"https:\/\/casino-site-amp5.top\/mesuliyyetli-oyun\/","name":"M\u0259suliyy\u0259tli Oyun l 1xbet","isPartOf":{"@id":"https:\/\/casino-site-amp5.top\/#website"},"datePublished":"2026-01-21T11:59:24+00:00","dateModified":"2026-01-23T15:57:28+00:00","breadcrumb":{"@id":"https:\/\/casino-site-amp5.top\/mesuliyyetli-oyun\/#breadcrumb"},"inLanguage":"ru-RU","potentialAction":[{"@type":"ReadAction","target":["https:\/\/casino-site-amp5.top\/mesuliyyetli-oyun\/"]}]},{"@type":"BreadcrumbList","@id":"https:\/\/casino-site-amp5.top\/mesuliyyetli-oyun\/#breadcrumb","itemListElement":[{"@type":"ListItem","position":1,"name":"Home","item":"https:\/\/casino-site-amp5.top\/"},{"@type":"ListItem","position":2,"name":"M\u0259suliyy\u0259tli Oyun"}]},{"@type":"WebSite","@id":"https:\/\/casino-site-amp5.top\/#website","url":"https:\/\/casino-site-amp5.top\/","name":"casino-site-amp5.top","description":"","potentialAction":[{"@type":"SearchAction","target":{"@type":"EntryPoint","urlTemplate":"https:\/\/casino-site-amp5.top\/?s={search_term_string}"},"query-input":{"@type":"PropertyValueSpecification","valueRequired":true,"valueName":"search_term_string"}}],"inLanguage":"ru-RU"}]}},"amp_enabled":true,"_links":{"self":[{"href":"https:\/\/casino-site-amp5.top\/wp-json\/wp\/v2\/pages\/2544","targetHints":{"allow":["GET"]}}],"collection":[{"href":"https:\/\/casino-site-amp5.top\/wp-json\/wp\/v2\/pages"}],"about":[{"href":"https:\/\/casino-site-amp5.top\/wp-json\/wp\/v2\/types\/page"}],"author":[{"embeddable":true,"href":"https:\/\/casino-site-amp5.top\/wp-json\/wp\/v2\/users\/1"}],"replies":[{"embeddable":true,"href":"https:\/\/casino-site-amp5.top\/wp-json\/wp\/v2\/comments?post=2544"}],"version-history":[{"count":1,"href":"https:\/\/casino-site-amp5.top\/wp-json\/wp\/v2\/pages\/2544\/revisions"}],"predecessor-version":[{"id":2545,"href":"https:\/\/casino-site-amp5.top\/wp-json\/wp\/v2\/pages\/2544\/revisions\/2545"}],"wp:attachment":[{"href":"https:\/\/casino-site-amp5.top\/wp-json\/wp\/v2\/media?parent=2544"}],"curies":[{"name":"wp","href":"https:\/\/api.w.org\/{rel}","templated":true}]}}